r**2. Suppose -2*n + 4*i = -4 + 2, 5*n - 14 = i. Suppose n*l = 4 + 11. Determine j(l).
-5
Let s be ((-34)/119)/(2/14) + 4. Let t(m) = -m + 1. Give t(s).
-1
Suppose -4*x = -3*l - 14, -l = x + 4*x - 8. Suppose -18 = x*n - 24. Let r(k) = -3*k**2 + 4*k - 2. Calculate r(n).
-17
Suppose 6 + 22 = 14*f. Let r(d) = -26*d**3 - 6*d**2 + 17*d**3 + 10*d**3 + f + 2*d + 4. Calculate r(6).
18
Let v = 179 + -178. Let x(n) = -n + 5*n**2 + 2*n**2 - n**2 - 1 + 2*n. Give x(v).
6
Let z(n) = -42*n + 17*n**2 - 19*n**2 + 86*n - 40*n + 12. Determine z(-2).
-4
Let y(a) be the third derivative of 1/4*a**4 + 0 + 0*a - 12*a**2 + 0*a**3. What is y(-2)?
-12
Let c = -277 - -286. Let r(f) = -f**2 + 9*f + 12. What is r(c)?
12
Suppose -17*x = -15 - 308. Let m(d) = d**2 - 20*d + 13. Calculate m(x).
-6
Let u(v) = -22*v + 2. Let g(z) = -17*z + 2. Let y(h) = 4*g(h) - 3*u(h). Calculate y(0).
2
Let y(r) = 32 + r**2 - 2*r - 4 - 16 - 2*r - 13*r. Determine y(13).
-40
Let x = -243 - -238. Let k(h) = -h. What is k(x)?
5
Suppose 53*a - 47*a + 48 = 0. Let f(l) = l**3 + 9*l**2 + 8*l - 2. Calculate f(a).
-2
Let h(g) = -14*g**2 + 41*g + 38. Let r(v) = 5*v**2 - 14*v - 13. Let n(u) = -6*h(u) - 17*r(u). What is n(-7)?
0
Let n(w) = 5*w**2 - 2*w. Let m(z) = -4*z**2 + 2*z - 1. Let g(c) = -6*m(c) - 5*n(c). Determine g(-6).
-18
Let x(n) = -7*n + 3. Let j(t) = 4*t - 1. Let l(u) = 5*j(u) + 3*x(u). What is l(3)?
1
Let l(r) = r**3 + r**2 - 3*r - 1. Suppose j + 11 = h + 7, 4*h - 1 = -j. Give l(j).
-10
Let h(y) = -2*y**3 - y**2 + 2*y - 1. Let w(j) = -j**3. Let i(q) = h(q) + 2*w(q). Let l = 22 - 16. Suppose -3*m - l = 0, 2*m = -4*z + z - 1. Give i(z).
-4
Suppose -i = 3*i - 48. Let b be 3/2*(-9 - -11). Suppose b*c - c = i. Let v(p) = p**3 - 7*p**2 + 5*p + 3. Calculate v(c).
-3
Let q(o) = o**3 - o**2 - o + 2. Let x be q(0). Let a(y) = 0 + y + 2*y**x + y**2 + 3 + y**3 + 2*y**2. What is a(-5)?
-2
Suppose -4*g - 8*w = -7*w - 20, -2*w + 10 = 2*g. Let i(d) = d**2 - d - 4. Give i(g).
16
Let r(v) = v + 3. Let l = -364 - -368. Determine r(l).
7
Let s(n) be the second derivative of -n**3/2 - 17*n**2/2 - 53*n. Give s(-7).
4
Let q(o) = 3*o**2 - 2. Let t(h) = 2*h**2 - h**2 - 5*h**2 + h + 2. Let g(y) = 5*q(y) + 4*t(y). What is g(4)?
-2
Let y(o) = -3*o + 45. Suppose 896 = -7*l + 63*l. Give y(l).
-3
Let k(p) be the first derivative of p**2/2 + 3*p - 10. Let c(d) = -d - 17. Let q be c(-11). Give k(q).
-3
Suppose c + 14 = 4*k, k = -3 + 5. Let q be 166/12 - 1/c. Suppose -j - q = j. Let t(f) = -f**3 - 6*f**2 + 7*f + 6. Determine t(j).
6
Let u(i) = -7*i**2 + i + 1. Suppose -2*b - 2 = 2*s, 22*s - 18*s = -2*b - 6. Calculate u(s).
-29
Let y(m) = -2*m - 10. Suppose z = -3*z - 20. Let n be y(z). Let h(d) = d**2 - d + 1. Give h(n).
1
Let b be -6*(-4)/60 - 7/30. Let d(g) be the second derivative of 13/2*g**2 + 7*g + 0 + b*g**3. Determine d(-6).
7
Let h(v) = v**3 - 7*v**2 + 7*v - 9. Suppose s = -9 - 3. Let r = s - -16. Suppose r*w = 8*w - 24. Give h(w).
-3
Suppose 107*f = 116*f - 54. Let v(u) = u**3 - 6*u**2 - 3*u + 11. What is v(f)?
-7
Let c = -46 - -48. Let u(d) be the second derivative of 0 + 0*d**2 + 3*d - 1/6*d**3 + 1/4*d**4 - 1/20*d**5. Determine u(c).
2
Let o(j) = j**2 - 17*j + 9. Suppose 5*i - 44*g + 47*g = 92, 0 = 5*g - 20. Give o(i).
-7
Let n(i) = i**3 - i**2 + i + 2. Let l(g) = g**3 - g**2 + g + 3. Let b(s) = -6*l(s) + 5*n(s). Suppose -2*y - 3*y = 0. Determine b(y).
-8
Let m(o) = -o**2 - 3*o - 1. Let x(p) = -43*p - 393. Let f be x(-9). Determine m(f).
-19
Let x(s) = -2*s + 4 + 7 + 1 + 0. Let v be x(9). Let r(d) = 5*d + 0*d - 4 + d**3 - 3 + 7*d**2. Calculate r(v).
-1
Suppose 0 = -3*q + 4*q. Let s(r) = -3*r + 1 + 6*r + 4*r + q. Determine s(1).
8
Suppose i + 11 = 7. Let q(u) = -u**2 - 3*u - 4. Give q(i).
-8
Let h(u) = -14 + 2*u**2 - 8 - 11 + 39 - 2*u. Let w(x) = 3*x**2 - 3*x + 7. Let s(m) = -4*h(m) + 3*w(m). Give s(3).
3
Let u(h) = -12*h + 25. Let a be u(2). Let g be (-8)/3 + (-3)/9. Let d be a*(2 + 1)/g. Let x(j) = -6*j**3. Calculate x(d).
6
Let n(b) = 1 + 0 - 57*b + 58*b. Let j(s) = 5. Let t(u) = -j(u) + n(u). Calculate t(7).
3
Suppose -57 - 33 = -15*n. Let i(b) = 2*b - 2. Calculate i(n).
10
Let z(g) = g + 2. Let m(c) = -2*c - 6. Let s(q) = -m(q) + z(q). Determine s(6).
26
Let v(w) = 20*w**2 + w - 5 - 5 - 23*w**2 + 3*w**3 + 9. What is v(2)?
13
Let i(o) = -10*o - 5 - 10*o**2 - 4 + 7 - o**3 + 0. Calculate i(-9).
7
Let m(r) = -5*r + 2 + 6*r - 4*r - 14 + 10. Let u be 14/4 + (-3)/6. Give m(u).
-11
Let k(v) = 4*v**2 + v + 1. Let g be 2 + 4/16 + 45/(-4). Let f be (g/(-6))/((-9)/12). Determine k(f).
15
Let d(g) = -g**2 - 7*g + 5. Let h be 1/(7 + 53/(-4) + 6). What is d(h)?
17
Suppose 0 = 50*q - 61*q - 33. Let f(b) = -3*b - 10. What is f(q)?
-1
Let q(h) be the first derivative of -9*h**2/2 - 3*h + 793. What is q(-2)?
15
Let j(v) = v**3 - 7*v**2 - 2*v - 9. Let u(d) = d**2 + 2. Let r(w) = j(w) + 4*u(w). Give r(3).
-7
Let o(r) be the second derivative of -r**4/24 - 7*r**2/2 + 10*r. Let a(j) be the first derivative of o(j). Let z = -4 - -3. Give a(z).
1
Let z(c) be the first derivative of 4*c - 1 - 3/2*c**2. Let g be -3 + 0 - 0*7/(-42). Give z(g).
13
Let x(v) = v**2 - v - 4. Let g be x(3). Let u(p) = 3*p**2 + 11*p - 6. Let c(n) = -n**2 - 5*n + 3. Let h(d) = g*u(d) + 5*c(d). What is h(5)?
13
Suppose g + g - 4*u = -10, -4*g = 3*u - 24. Let p(a) = a**3 - 3*a**2 - 2*a - 4. Calculate p(g).
-10
Let v(h) be the second derivative of -5*h**3/3 + 25*h**2/2 - 577*h. Determine v(3).
-5
Let r(u) = -u**2 + 7*u - 14. Let h be r(3). Let k(l) = -l**2 + l + 1. Let b(q) = 4*q**2 - 4*q - 3. Let a(n) = h*b(n) - 7*k(n). Give a(-4).
-21
Let n(t) = 25*t - 13. Let y(s) = 12*s - 6. Let b(o) = 4*n(o) - 9*y(o). Determine b(-2).
18
Let v(w) = 5*w + 2*w - w**2 - 2*w + 11. Let o be v(6). Let z be 1/(o/(-2))*5. Let b(g) = -g**2 - g - 2. What is b(z)?
-4
Let o(f) = -f**3 - 10*f**2 + 11*f + 4. Let j = 2994 + -3005. Give o(j).
4
Let c(o) be the first derivative of -o**2 - o + 1 + 2/3*o**3. What is c(-2)?
11
Let x be 2/4 + 45/10. Let p(k) = 2*k - x*k + 0*k + 2*k. Give p(-1).
1
Let d(c) = c**2 - 3. Let u(x) = -x**3 - 6*x**2 + x + 14. Let r be u(-6). Let y be 6/r + 9/4. Determine d(y).
6
Let k(o) = 2*o**2 + o - 1. Let p = -70 + 77. Let c be 15/12 + (p/(-4))/7. Give k(c).
2
Suppose 9 = -7*i - 5. Let j be (i/(-4))/((-6)/60). Let k(d) be the second derivative of -d**4/12 - 2*d**3/3 - 5*d**2/2 - 6*d. What is k(j)?
-10
Let q(d) = -3*d + 1. Let a(r) = r. Let h(g) = 4*a(g) + q(g). Let m be h(-1). Let w(p) = p**2 - p - 3. What is w(m)?
-3
Let x(o) be the first derivative of o**3/3 + 3*o**2 + 3*o - 851. Give x(-5).
-2
Let k(c) be the first derivative of -c**4/6 - c**3/6 + 2*c**2 - 22. Let s(z) be the second derivative of k(z). Determine s(3).
-13
Let l be ((-117)/(-26))/(3/2). Let r(v) = -3 + 4*v + 0*v - l*v - 2*v. What is r(-2)?
-1
Let a(r) = r**2 + 6*r + 2. Let j be (-1)/(-6*(-10)/240). Calculate a(j).
-6
Let c(f) = -f**3 - 2*f**2 - 9. Let q be c(-3). Suppose 0*l - y = 2*l + 9, q = -y + 3. Let s(v) = -v**2 - 7*v - 4. What is s(l)?
2
Let u(x) = 7*x**3 + 12*x**2 - 17*x + 6. Let z(a) = -a**3 - a**2 + 2*a - 2. Let n(p) = u(p) + 6*z(p). Calculate n(-5).
44
Let x(l) = -12*l - 386. Let r be x(-32). Let i(y) = -8*y - 13. Give i(r).
3
Suppose -11 = -d - 5*q + 3, q - 6 = 3*d. Let z be ((-2)/((-6)/(-21)))/d. Let l(r) = -5 - 64*r**2 + 10*r**3 - 9*r**3 + 57*r**2. Give l(z).
-5
Let a(r) = 5*r - 25. Suppose -44*f = -41*f - 12. Let q be a(f). Let o(n) = n**3 + 4*n**2 - 7*n - 5. Determine o(q).
5
Let j be (-72)/(-10) + 14*(-16)/(-280). Let s(t) = -4*t**3 - 3 - t**2 - 1 + 3*t**3 + 9*t**2. Determine s(j).
-4
Let g(t) be the second derivative of t**5/20 - 7*t**4/12 - 3*t**3/2 + 6*t**2 + 44*t - 1. Determine g(8).
4
Let u(i) = 6*i**2 - i. Suppose -432 = -31*w + 40*w. Let k be (-18)/(-7) - w/(-84). Calculate u(k).
22
Let t(c) = -3*c + 0*c - 3229 - 2*c + 3234 - 3*c. Calculate t(5).
-35
Let q(n) = -n**3 + 5*n**2 + 8*n - 9. Let t be q(6). Let w(h) be the third derivative of -h**6/60 + h**5/20 + h**4/8 + 2*h**3/3 - 163*h**2 - 2*h. Determine w(t).
-14
Let v(p) = -p**3 - 10*p**2 + 2*p + 10. Let d be 123/(-12) - (-3)/12. Give v(d).
-10
Let b(s) = s. Let n be 1/(2/82*-1). Let f = n + 48. Determine b(f).
7
Let a(w) be the first derivative of w**3/3 - 3*w**2 + 6*w + 2. Suppose 0*l = -4*l + 12. Suppose 0 = k - 4*k